 be (6/4)/((-5)/(-10)). Give p(u).
7
Suppose 5*d - 2*q - 15 = -0*d, -5*q = 0. Let i(j) = -j**2 + j + 4. What is i(d)?
-2
Let i(p) = -5*p - 3. Let z(w) = -1. Let f(c) = i(c) - 4*z(c). Determine f(-1).
6
Let j(a) = -a**2 + 1. Suppose 2*w = -12 + 4. Let n(g) = -g**2 - 5*g - 6. Let l be n(w). Let p = l - -1. What is j(p)?
0
Let o(j) = -2*j - 2. Let n = -9 - -11. Give o(n).
-6
Let k(c) = 2*c - 2. Suppose 0 = 4*b - 63 + 23. Suppose 13*q - b*q = -9. Calculate k(q).
-8
Let d be 6/8 - (-45)/(-12). Let z(w) = w**3 + 4*w**2 + 3*w. What is z(d)?
0
Let r(c) = 8*c**2 - 14*c + 3. Let s(k) = -3*k**2 + 5*k - 1. Let w(h) = -6*r(h) - 17*s(h). Let b = 6 + 1. Suppose b*g + 4 = 3*g. Determine w(g).
3
Let i(q) = -q**2 + 10*q. Let w = -13 - -23. What is i(w)?
0
Let f(d) be the second derivative of -d**3/6 + 5*d. Determine f(-3).
3
Suppose -3 - 7 = -5*l. Let a = l + -2. Let v(x) = -6*x**3 + 6*x**2 + 1. Let n(i) = -5*i**3 + 5*i**2. Let c(z) = -5*n(z) + 4*v(z). Give c(a).
4
Let j(r) be the second derivative of -3*r**2 + r**3 + 2*r - 1/2*r**4 + 1/20*r**5 + 0. Let v(w) = w**2 + 1. Let h be v(2). Determine j(h).
-1
Let s(n) = n + 1. Suppose 5*m = 20 - 0. Give s(m).
5
Let h(g) be the third derivative of -g**4/24 - g**3/2 - 4*g**2. What is h(6)?
-9
Let g(k) = 2*k**2 + 11*k + 5. Let r(a) = a**2 + a - 2. Let j(u) = -g(u) + r(u). Determine j(-8).
9
Let m = -1 + 0. Let g be m/(3/(-6)) - -7. Let u = g + -10. Let f(o) = -9*o. Give f(u).
9
Let s(d) = -d**2 + 13*d - 31. Let t be s(9). Let b(w) = -w + 4. Calculate b(t).
-1
Let o(q) = -q - 2 - 2 + 0*q - 2*q. Let n(a) = -4*a - 6. Let h(x) = -5*n(x) + 7*o(x). Determine h(-3).
5
Let c(n) be the first derivative of n**4/4 - 5*n**3/3 + 5*n**2/2 - 3*n + 1. Suppose 5*d - 7 = 18. Suppose -d*f + 9 = -11. Calculate c(f).
1
Let z(d) be the second derivative of d**3/6 - 3*d**2/2 - 4*d. Give z(6).
3
Let z(j) = -j**3 - 3*j**2 - 2*j - 3. Let c be z(-3). Let u be 12*(-2)/(-12)*c. Let s(w) be the third derivative of w**4/12 - 7*w**3/6 - w**2. Give s(u).
5
Let w(l) be the first derivative of -l**4/2 + l**3 - 3*l**2/2 - 17. Calculate w(2).
-10
Suppose 5*b = b + 8. Let a(n) = 21*n**2 - 20*n**2 - b + 3 - 5*n - 4. Suppose 4*y - 10 = 10. Calculate a(y).
-3
Let c = 7 - 4. Let r(m) = m + 2. Let g be r(-3). Let k = c - g. Let y(d) = -d**2 + 3*d + 1. Determine y(k).
-3
Let k(z) be the second derivative of z**4/12 - z**3 + z**2 - 6*z. Determine k(5).
-3
Let q(j) = -j**3 - 6*j**2 - 7*j - 4. Let b(d) = -d**3 + 5*d**2 + 6*d - 5. Let o be b(6). Calculate q(o).
6
Let b be (-2)/(-6) + 4/6. Let t(r) = -r - 1. Let z be t(b). Let o(j) be the third derivative of -j**6/120 - j**5/60 + j**4/6 + j**3/2 - j**2 + 26. Give o(z).
-1
Let j(c) be the second derivative of 0 + 1/6*c**3 + 4*c + 0*c**2. What is j(5)?
5
Let l(q) be the third derivative of -q**5/20 - q**4/6 + 5*q**3/6 - 43*q**2. Determine l(-4).
-27
Suppose -3*o = -4*t - 35, t + 5*o - 30 = 2*t. Let v(s) = -4*s + 5*s**2 - 3*s**2 - 3*s**2 + 0*s**2. Calculate v(t).
-5
Let d(t) = t + 1. Let z = -33 + 27. Calculate d(z).
-5
Let z(f) = 1 + f**3 - 3 + 3. Let s = -3 - -3. Suppose a - 5*a = s. Calculate z(a).
1
Let f(n) = n + 1. Let p be f(2). Let a(k) = -5*k + 4. What is a(p)?
-11
Let g(m) = -9*m + 1. Suppose -22 + 2 = -4*k. Suppose -k*o = 4 + 1. Calculate g(o).
10
Let w = 6 + -6. Suppose r - 8 = -w*r + 5*j, 5*r + 14 = -2*j. Let o(z) = 5*z. What is o(r)?
-10
Let w(g) = 10*g - 9*g + 0 + 14 - 3. Determine w(-10).
1
Let u(l) = 3 - l + 0*l - 7. Let a = -13 - -27. Suppose 0 = -2*g + 4*n - a, g - 4*g + 4*n = 17. Give u(g).
-1
Let a be ((-4)/10)/(2/(-10)). Let c(v) = -3 + v**a - 2*v + 2 - 1. Calculate c(2).
-2
Let n(g) = -2*g + 2. Suppose -2*w - 3 = -15. Calculate n(w).
-10
Let q(n) be the second derivative of n**4/12 + n**3 - 2*n**2 + 5*n. Suppose 2*h + 15 = -h. Determine q(h).
-9
Let a(h) = -7*h**3 - 5*h**2 + h + 7. Let b(j) be the second derivative of -j**5/20 - j**4/12 + j**2/2 + 3*j. Let w(p) = a(p) - 6*b(p). Calculate w(0).
1
Let s(a) be the second derivative of a**6/120 + a**5/12 - a**4/12 - 5*a**3/6 - 3*a**2/2 + a. Let c(p) be the first derivative of s(p). Calculate c(-5).
5
Let b(d) be the first derivative of -d**2/2 - 10*d - 3. What is b(-6)?
-4
Let j(p) be the second derivative of p**3/6 - p**2/2 + p. Let t be (-1)/(-1 - 4/(-3)). Let d be t/9 - 4/6. Give j(d).
-2
Let r(x) be the first derivative of -x**3/3 + 5*x**2/2 - 6*x + 1. Let a be 351/72 + (-1)/(-8). What is r(a)?
-6
Let o(l) be the first derivative of -1/3*l**3 - 7*l - 1 - 4*l**2. Determine o(-6).
5
Let z(g) = g**2 + 2 - 3 - 4 + 2*g. Suppose -3*s + 6 = 3*q, q + 31 = -q + 5*s. Let w be 1*q/1 - 1. Calculate z(w).
3
Let x(o) = 2 + 0 + 0 - 1652*o**3 + 1645*o**3 - 1. Let r = 57 + -37. Suppose -4*b - r + 2 = -2*q, -5*q + 15 = -4*b. Determine x(q).
8
Let j(g) be the first derivative of -g**3/3 + 9*g**2/2 - 7*g + 8. Calculate j(6).
11
Let t(y) = -7*y - 4. Let v(z) = 9*z + 5. Let c(a) = 5*t(a) + 4*v(a). What is c(4)?
4
Let m be (2 + 0)*(-12)/(-3). Suppose 4*j - 5*x = -x + m, 2*j - 5*x = -2. Let z(s) = 2*s**2 - j*s**3 - 1 + 2*s**3 - 3*s**3. Calculate z(1).
-4
Let l be (-6)/(-9)*30/4. Suppose -14 + l = -3*s. Let p(d) = 3 - d**2 - 5*d**s + 0*d - d - 4. What is p(-1)?
4
Suppose -4*g - 2*z = -36, -6*g - 5*z + 35 = -g. Let f(y) = -y**3 + 10*y**2 + 12*y - 6. What is f(g)?
5
Let y(c) be the second derivative of -c**5/20 + 7*c**4/12 - c**3/6 + 2*c**2 + 4*c. Let f be y(7). Let w(z) = -2*z - 4. Calculate w(f).
2
Let z = -1 - -2. Let q(d) = 2*d - 2*d + z + 0 - d. What is q(0)?
1
Let u(k) = -3*k**2 + 5*k - 5. Suppose 10 = -0*f - 2*f + d, 3*d - 9 = -f. Let n(r) = 4*r**2 - 5*r + 6. Let t(c) = f*u(c) - 2*n(c). Determine t(5).
3
Let z(i) be the second derivative of i**3/2 - 3*i**2/2 - 27*i. Calculate z(2).
3
Let u(r) = -r**2 - 11*r - 15. Let s be u(-9). Let a(j) = 5*j - 3. What is a(s)?
12
Let d(k) = k**3 + k**2 - 1. Let w(q) = -4*q**3 - 5*q**2 + 3. Let c(o) = -5*d(o) - w(o). Let s be c(2). Let x(t) = -t**3 - 5*t**2 + 6*t - 4. Determine x(s).
-4
Let d(r) be the third derivative of r**6/24 + r**5/60 + r**4/24 - 3*r**2. Suppose 0 = 3*t - 0 - 6. Let i = t + -3. Determine d(i).
-5
Let u be 2/(2/3) - -1. Let i(m) = u - m - 4 + 6 - m. Suppose -2*t = -4*l - 1 + 13, -4*l + 3*t = -8. Calculate i(l).
-4
Let l(r) = 1 - 3250*r**2 - 3 + 3249*r**2. Suppose -j = j + 4. Give l(j).
-6
Suppose -2*l + 0*l - 14 = 0. Let g(c) = c**2 + 6*c - 5. Let z be g(l). Suppose 2*q - z = 0, -4*o - 4 = 3*q - 23. Let t(i) = i**2 - 3*i - 1. Give t(o).
3
Let s(j) be the first derivative of 2*j**3/3 - 3*j**2/2 - 3*j - 15. Give s(3).
6
Let p(m) = 2*m + 3. Let d = -13 + 5. Let c = 3 + d. Let z(o) = o + 1. Let x be z(c). Determine p(x).
-5
Let o(n) = -n**3 + 3*n**2 - 3*n + 2. Let p = -5 - -3. Let m be (-1)/(p*3/18). Suppose 12 = 2*i - 2*r, -2*i + r + 18 = m*i. What is o(i)?
-7
Let n = 15 - 9. Let p be 2 + (-5)/((-15)/n). Suppose p*x + 0*x - 20 = -2*v, 4*x - 20 = v. Let k(w) = w - 1. What is k(v)?
-1
Let y be 4/(-10) - (-16)/(-10). Let a(q) = q**3 + 2*q**2 + q. Calculate a(y).
-2
Let y(g) be the second derivative of g**5/20 - g**4/3 + g**3/6 - g**2 - 9*g. What is y(3)?
-8
Let g(a) = a - 9. Let s be g(6). Let o(u) = -u**2 - 4. What is o(s)?
-13
Let s(z) = z**2 - 3*z - 2. Let b(k) = k + 32. Let o be b(0). Suppose o - 12 = 2*d. Let a = d - 6. What is s(a)?
2
Let q = 6 - 17. Let i(p) = 14*p**3 - 3*p**2 + 11*p - 1. Let j(n) = 5*n**3 - n**2 + 4*n. Let g(l) = q*j(l) + 4*i(l). Let w = -1 + 1. Determine g(w).
-4
Let n = -6 + 4. Let u(q) = 2*q**3 - 2*q**2 - 2*q + 2. Give u(n).
-18
Let d(a) = a**3 - 8*a**2 + 4. Suppose 98 - 2 = 12*m. Calculate d(m).
4
Let f(z) = -z**3 - 2*z**2 + 4*z + 4. Let o(i) = -i - 4. Let l be o(-9). Suppose 1 - 12 = l*k - 2*p, 2 = -2*k + 2*p. Give f(k).
1
Let g(v) = -4*v**2 - v + 0*v**3 + 5*v**2 - v**3 + 0*v**3 - 3. Let c(d) = d**2 + d + 1. Let u be c(-2). Let p = 3 - u. Determine g(p).
-3
Let d(k) = -k**3 - 8*k**2 + 9*k + 2. Let n be d(-9). Suppose 5*s + n*l - 5*l - 30 = 0, 6 = -3*s - 3*l. Let r(p) = 2 + 0 - s + 6*p + 0*p. What is r(1)?
5
Let n(o) = o**3 - 6*o**2 + o - 3. Let s(i) = i**2 + 8*i - 27. Let h be s(-11). What is n(h)?
3
Let b(d) be the first derivative of d**2 - 4/3*d**3 + 1/4*d**4 - 8 - 2*d. Calculate b(2).
-6
Let s(l) = -6*l**2 + 7*l + 2. Let y(q) = -q + 0*q + 2*q. Let a be y(-5). Let o(m) = 7*m**2 - 7